{"id":777,"date":"2018-08-31T17:22:42","date_gmt":"2018-08-31T20:22:42","guid":{"rendered":"https:\/\/epavb-sfe.infd.edu.ar\/sitio\/correo-interno\/"},"modified":"2026-02-09T14:38:37","modified_gmt":"2026-02-09T17:38:37","slug":"correo-interno","status":"publish","type":"page","link":"https:\/\/epavb-sfe.infd.edu.ar\/sitio\/correo-interno\/","title":{"rendered":"Correo Interno"},"content":{"rendered":"\n<p><span style=\"font-family: verdana, geneva; font-size: 10pt;\">A trav\u00e9s de este correo, los alumnos podr\u00e1n enviar a la Secretar\u00eda sus datos personales y actualizarlos permanentemente, de acuerdo a la carrera que&nbsp;cursen y&nbsp;para que la misma pueda elevarle informaci\u00f3n actualizada.<\/span><\/p>\n\n\n\n<p class=\"has-text-align-center\"><a style=\"font-family: verdana, geneva; font-size: 10pt;\" href=\"mailto:artesvisuales@fibertel.com.ar\">info@epav.edu.ar<\/a><\/p>\n\n\n\n<p class=\"has-text-align-center\">&nbsp;<\/p>\n","protected":false},"excerpt":{"rendered":"<p>A trav\u00e9s de este correo, los alumnos podr\u00e1n enviar a la Secretar\u00eda sus datos personales y actualizarlos permanentemente, de acuerdo a la carrera que&nbsp;cursen y&nbsp;para que la misma pueda elevarle informaci\u00f3n actualizada. info@epav.edu.ar &nbsp;<\/p>\n","protected":false},"author":1503,"featured_media":0,"parent":0,"menu_order":0,"comment_status":"closed","ping_status":"closed","template":"","meta":[],"acf":[],"_links":{"self":[{"href":"https:\/\/epavb-sfe.infd.edu.ar\/sitio\/wp-json\/wp\/v2\/pages\/777"}],"collection":[{"href":"https:\/\/epavb-sfe.infd.edu.ar\/sitio\/wp-json\/wp\/v2\/pages"}],"about":[{"href":"https:\/\/epavb-sfe.infd.edu.ar\/sitio\/wp-json\/wp\/v2\/types\/page"}],"author":[{"embeddable":true,"href":"https:\/\/epavb-sfe.infd.edu.ar\/sitio\/wp-json\/wp\/v2\/users\/1503"}],"replies":[{"embeddable":true,"href":"https:\/\/epavb-sfe.infd.edu.ar\/sitio\/wp-json\/wp\/v2\/comments?post=777"}],"version-history":[{"count":1,"href":"https:\/\/epavb-sfe.infd.edu.ar\/sitio\/wp-json\/wp\/v2\/pages\/777\/revisions"}],"predecessor-version":[{"id":843,"href":"https:\/\/epavb-sfe.infd.edu.ar\/sitio\/wp-json\/wp\/v2\/pages\/777\/revisions\/843"}],"wp:attachment":[{"href":"https:\/\/epavb-sfe.infd.edu.ar\/sitio\/wp-json\/wp\/v2\/media?parent=777"}],"curies":[{"name":"wp","href":"https:\/\/api.w.org\/{rel}","templated":true}]}}